(j) = j**3 + 8*j**2 - j. Let v be t(d). What is the units digit of (-668)/(-12) - v/12?
5
Let n = -37 - -104. Suppose -n*u = -74*u + 2415. What is the units digit of u?
5
Let r(y) = 2*y**2. Let d(a) = 20*a**2 - 25*a + 35. Let o(b) = d(b) - 6*r(b). What is the units digit of o(10)?
5
Let t be 14*(-11)/(616/(-24)). Suppose -5*f - 20 = 0, 4*f = 4*z + t*f - 1064. What is the units digit of z?
8
Suppose 0 = -120*l + 289820 + 26980. What is the hundreds digit of l?
6
Suppose -2*m - 5*b = 2*m - 749, 3*b = -9. Let w = -103 + m. Let u = 203 - w. What is the units digit of u?
5
Let m = -5653 - -27087. What is the ten thousands digit of m?
2
What is the thousands digit of (-192)/32*27115/(-10)?
6
Let v = 1289 + 7632. What is the thousands digit of v?
8
Suppose -3*j = 5*a - 183749, 712*j - 146989 = -4*a + 713*j. What is the hundreds digit of a?
7
Suppose 20445 = 4*x - q - 92919, -7*x - 4*q + 198410 = 0. What is the thousands digit of x?
8
Let t = 46 + -47. Let s be ((-31)/(-31))/(t*(-1)/88). What is the tens digit of (s/10)/(22/385)?
5
Let p(m) = -m**3 + 23*m**2 - m + 28. Let u be p(23). Suppose -u*f + 193 = -657. What is the tens digit of f?
7
Let b = -2922 - -1734. Let s = b + 1717. Let g = s - 378. What is the tens digit of g?
5
Let f = 38 + -31. Suppose 2*i = -0*i + f*i. Suppose -c - 3*v = 2*v - 93, i = c + 2*v - 90. What is the tens digit of c?
8
Suppose 5*y - 26 = -3*m, -2*m + 3*y - 20 = -6*m. Suppose 0 = -m*a + k + 590, 6*a - 2*k = a + 1476. What is the tens digit of a?
9
Suppose 0 = 5*p - 15, -102*q + 5*p = -106*q + 9091. What is the units digit of q?
9
What is the units digit of ((27/(-2))/(57/(-589)))/(2/16)?
6
Let w(v) be the third derivative of -v**6/120 - v**4/2 - 11*v**3/6 - 3*v**2 + 3*v. What is the hundreds digit of w(-7)?
4
Let q(y) be the first derivative of 14*y**3/3 + y**2 + 5*y - 2. What is the units digit of q(-6)?
7
Let o = -774 - -5188. What is the hundreds digit of o?
4
Let p(y) = 6 - 2 + 10*y**2 + 4*y + 8 - 3*y**3 - 31*y**2. Let h be p(-9). Suppose -5*b = b - h. What is the units digit of b?
7
Let j be (8/(112/(-133)))/(1/18). What is the units digit of (-38)/j + (-8485)/(-9)?
3
Suppose -167143 = -26*c - 33347. What is the tens digit of c?
4
Let w be (-2)/9 - 76/(-18). Let v be 2756/273 - 10 - (-6277)/21. Suppose -w*j + v = -m - 354, 0 = -4*j - 4*m + 648. What is the hundreds digit of j?
1
Suppose 63934 = 21*d - 20*d + 5*b, -4*b = -5*d + 319612. What is the units digit of d?
4
Let a(c) = 8*c - c**2 + 497 + 5*c + 648. What is the thousands digit of a(0)?
1
What is the units digit of (510/119)/5 - (-1099566)/42?
1
Suppose 0 = -2*a + 2*b + 62254, -5*b + 78392 - 16159 = 2*a. What is the hundreds digit of a?
1
Suppose -345 = -19*i + 605. Suppose i*v + 88 = 51*v. What is the tens digit of v?
8
Suppose -8*q + 4*q = -2*m - 20, 16 = -m - 4*q. Let w(k) = -k**3 - 12*k**2 + 3*k + 11. Let a be w(m). Let s = 40 + a. What is the units digit of s?
5
Let j(o) be the third derivative of -5*o**4/8 - 161*o**3/6 + 40*o**2. What is the units digit of j(-12)?
9
Suppose 27085 = 3*j - 2*b + 3840, 0 = -4*j + 2*b + 30994. What is the hundreds digit of j?
7
Let k = 254 + -250. Suppose 0 = k*r - 2*r - 578. What is the tens digit of r?
8
Suppose 14*h - h - 22360 = 0. Let t = -912 + h. What is the hundreds digit of t?
8
Let h = 842 + 650. Suppose -h = -10*s + 5238. What is the tens digit of s?
7
Let l = 22686 + 13099. What is the hundreds digit of l?
7
Suppose -2654640 = 314*c - 354*c. What is the tens digit of c?
6
What is the tens digit of (12/(-3))/((-273205)/54640 + 5)?
1
Suppose -m + 206 = -2*k + 3*m, -3*k + 4*m = 301. Let p = 21 + k. What is the units digit of 0 + 1 + 2 + (1 - p)?
8
Let o be 28 + -879 + 4/(-3 - -2). Let a = o - -1290. What is the tens digit of a?
3
Let s(y) = -y**3 + 15*y**2 + 18*y + 25. Let n be s(16). Suppose -58*x + n*x = -563. What is the hundreds digit of x?
5
Let u be ((-36)/24)/((-6)/8). Suppose u = m, -5*y + 9*m = 5*m - 482. What is the tens digit of y?
9
Let y(j) = -23*j**3 - 32*j**2 + 4*j - 11. Let u be y(8). What is the tens digit of 88/(-72) + 1 + u/(-27)?
1
Let t = 97604 + -51779. What is the hundreds digit of t?
8
Let r(c) = -8 + c**3 - 10*c**2 + 2*c**2 - 7*c**2 + 2*c. Suppose -20630*s = -20657*s + 405. What is the units digit of r(s)?
2
Suppose -s + 3*w = -999, -4*w + 2*w = -2*s + 1986. Suppose 9*r - s = 4*r. What is the units digit of r?
8
Let i(a) = 3*a + 17. Let w be i(-4). Suppose 0 = -z + w - 11. What is the hundreds digit of ((-3)/18*-314)/((-2)/z)?
1
Let q = -14637 + 10117. Let p = -2688 - q. Suppose -3*b + 672 - p = -4*f, -f = -4*b - 303. What is the tens digit of f?
8
Let n = 73 + -71. Suppose 131 = 2*h - 2*r - 703, -3*h + n*r + 1251 = 0. What is the units digit of h?
7
Suppose 9*b + 4144 = 12640. Suppose 0 = 4*n + 5*i - 2295 - 1481, n = 5*i + b. What is the units digit of n?
4
Suppose 0 = 4*z - 7*z - 45. Let q be (-18)/z*(-20)/8 + 117. Let d = q - 57. What is the units digit of d?
7
Let v(l) = l**2 + 8*l - 7. Let y be v(-9). Suppose 0 = 5*k - k - 4*s, -y*k = 4*s + 30. What is the tens digit of -2 - 2865/(-25) - 2/k?
1
Let i = -456 - -1987. What is the tens digit of i?
3
Let i be -21*(2 + (-32)/12). What is the hundreds digit of i/105*3 + 3528/5?
7
Let q be 6 + 2*(-11 + 5 - 16). Let o = q - -1054. What is the thousands digit of o?
1
Let u = 414 - 374. Suppose 0 = -u*q + 34*q + 1314. What is the tens digit of q?
1
Suppose 1175 = 3*y - 565. What is the tens digit of y?
8
Suppose -3227949 = -141*c + 82*c. What is the units digit of c?
1
What is the thousands digit of (-6958 - 4 - 0)*13/(-26)?
3
Let s = -53993 - -86033. What is the units digit of s?
0
Let q = -39 + 41. What is the units digit of (6/4)/3*(40 + q)?
1
Let n be (-1686)/(-18) - (-2)/6. Let c = -8 + n. Let m = 120 - c. What is the units digit of m?
4
Let k = 3712 - 1968. What is the units digit of k?
4
What is the ten thousands digit of (3/(27/(-115827)))/(100/(-300))?
3
Let i(h) = 8*h**2 - 180*h + 2091. What is the hundreds digit of i(68)?
8
Suppose -5*n - 5*a + 2*a = 749, -2*n = -5*a + 281. What is the tens digit of ((n + -1)*-1)/(0 + 1)?
4
Let d be (-7 + 7)/(4/(-2)). Suppose d = -5*u + 12 + 38. Let c(n) = -n + 13. What is the units digit of c(u)?
3
Suppose 143*i - 146*i - 13722 = -3*r, 5*i - 10 = 0. What is the tens digit of r?
7
Let r(b) = -7*b - 10. Let c be 1/(-2*(-4)/80). Let m be r(c). What is the tens digit of 3/((-26)/m - (-4)/(-16))?
4
Let n be (10/(-18))/5 + 10210/(-45). What is the tens digit of (-22)/(-8) - 9/12 - n?
2
Suppose 15*w - 40948 = 45668 + 31659. What is the tens digit of w?
8
Suppose -292975 = -31*h - 90480 + 346639. What is the tens digit of h?
1
Suppose b = -3*b - 5*m + 820, -5*b + 1004 = m. Suppose b - 1067 = -3*w. What is the hundreds digit of w?
2
Let c = -89 + 214. Let b be 5/(c/10)*5. Suppose -3*n = 2*z + n - 546, b*z + 2*n = 540. What is the units digit of z?
7
Suppose -367*z - 50 = -362*z. What is the units digit of 292/z*(-850)/34?
0
Suppose 3*n = -4*r + 95712, r - 12*n - 23950 = -10*n. What is the thousands digit of r?
3
Let q = 18039 + -9434. What is the hundreds digit of q?
6
Let j be 208/(-10)*50/10. Let d = -28 - j. Let c = 198 - d. What is the hundreds digit of c?
1
Suppose 4*v - 76844 = -2*n, -2*v + 117*n + 38428 = 121*n. What is the thousands digit of v?
9
Suppose 3*m - 12*r - 745 = -10*r, 2*r + 992 = 4*m. Suppose -k + 89 = -4*l, 3*k - l - m = l. What is the units digit of k?
1
Suppose 4*a - 281 - 15 = 0. Let r = -294 - -238. Let f = a + r. What is the units digit of f?
8
Let c = 52 + -25. Suppose h = 4*j - 104, h - 3*j = -135 + c. Let t = h + 216. What is the tens digit of t?
9
Let m(b) = -76*b**3 - 26*b**2 + 4. Let v be m(-4). Suppose v = 14*j - 8*j. What is the units digit of j?
2
Suppose -4*o + 26626 = 2*x, -3*x + 397*o + 39953 = 396*o. What is the tens digit of x?
1
Let l(i) = 2127*i - 175. What is the units digit of l(6)?
7
Suppose -7 = -2*n - 2*n - w, -25 = 5*w. Suppose -2*j + n*u = 3*j - 1388, u = -4*j + 1107. What is the hundreds digit of j?
2
Let q(y) = -4*y - 2*y**2 - 10*y - 6 + y**2 - 1. Let t be q(-13). What is the tens digit of (392/(-20))/(t/(-15))?
4
Let a = -244 + 4846. What is the thousands digit of a?
4
Let l = -37 + 826. Let p = l - 72. What is the hundreds digit of p?
7
Let j = 6134 + 5066